*l + 9. What is the hundreds digit of d(-9)?
2
Suppose 5*d = 5 + 20. Suppose 141 = 4*i + d. What is the tens digit of i?
3
Let i be -5 + 95 + (-2 - 0). Suppose 5*f - 4*f = i. Suppose -3*t + 2*r + 157 = 0, -2*t - 2*r + f = -0*t. What is the units digit of t?
9
Let y(p) = 106*p**2 + 19*p - 136. What is the units digit of y(6)?
4
Suppose 21 = -0*m - 3*m. Let o(c) = -c - 7. Let a be o(m). Suppose -4*x = -a*x - 132. What is the tens digit of x?
3
Let g be 2/4*(-8 + 86). Let z = g - 24. Suppose -m - m = -a + 15, -4*a = m - z. What is the units digit of a?
5
Let c be (-28)/(-7) - (2 - 0). What is the units digit of (5 - c)/1*(6 - -37)?
9
Suppose 4*m = o - 489, -3*o + 2*m = 866 - 2353. What is the units digit of o?
7
Let n(k) = 2*k**3 - 5*k**2 + 8*k + 5. Let q be n(6). Suppose 5*o - q = -60. What is the units digit of o?
9
Let i(g) = 78*g + 48. Let o be i(17). Suppose 0 = -2*a - 4*a + o. What is the tens digit of a?
2
Let h be (34/(-4) + 0)/((-3)/(-36)). Let c = h - -223. What is the tens digit of c?
2
Suppose -355 = -f - 2*s, 4*f = 2*f - 3*s + 705. What is the units digit of f?
5
Let w(q) = 23*q - 11. Let y(z) = -43*z + 19. Let f(r) = -11*w(r) - 6*y(r). Let c(k) = -k**2 - 5*k. Let t be c(-4). What is the tens digit of f(t)?
2
Suppose -7*z - 8 = -11*z. What is the units digit of -5 + 46 + -1*z/2?
0
Let s be (-18)/(-2) - (15/(-5))/1. What is the hundreds digit of (-2 + -1*564)*(-6)/s?
2
Let h = 25 + -20. Suppose h*l + 304 = 9*l. What is the units digit of l?
6
Suppose -2*x + 30 = x. Let r = -6 + x. Suppose 4*a - 96 = 4*g, r*a + 4*g - 99 = 29. What is the units digit of a?
8
Let d = 940 + -427. What is the units digit of d?
3
Suppose -5*w - 2*w = -1932. What is the units digit of w?
6
Suppose 2*q = 3 + 3, -3*q = -4*k - 9. Suppose 0*w + 2*w - 4 = k. Suppose 0 = 5*t + 5*a - 105, 3*t - w*t + 3*a = 19. What is the tens digit of t?
2
Suppose 0 = d + 1, -3*d - 1053 = -3*b - 0*b. Suppose 12*f = -2*f + b. What is the units digit of f?
5
Suppose -18*u - 72 = -20*u. Let t = -24 + u. What is the units digit of t?
2
Let s be (-18)/(-81) + 466/9 + 0. Let p = -17 + s. What is the units digit of p?
5
Let o = 0 + 4. Let w be -3 - o/((-4)/2). Let s(g) = 12*g**2 + 2*g + 1. What is the tens digit of s(w)?
1
Let p(t) = -t**2 - 47*t - 24. What is the hundreds digit of p(-27)?
5
Let k(s) = s**3 + 5*s - 4. Let n be k(-6). Let j be (-2 - -3)*(2 + -3)*-15. What is the tens digit of 6/(-4)*n/j?
2
Let x(q) = -15*q**2 - 9*q - 2. Let g be x(-5). Let c = g - -491. What is the hundreds digit of c?
1
Let s be ((-3)/(-6))/(5/(-10))*-17. Let z(f) = f**3 - 15*f**2 - 28*f - 25. What is the units digit of z(s)?
7
Let s(n) = 3*n**3 - n**2 + 51*n + 14. What is the thousands digit of s(10)?
3
Let k = 11 - -11. Suppose -5*d + 49 = -3*r + 6*r, r = 4*d + k. What is the units digit of r?
8
Let y(c) = 2*c**2 - 3*c - 7. Let k = -11 + 16. Let h be y(k). Suppose 4*x = 5*v + h, 2*v = 2*x - 5*x + 21. What is the units digit of x?
7
Let u(o) = 5*o + 5. Let p be u(4). Suppose 5*h = 45 + p. What is the units digit of h?
4
Let h = -1097 - -3105. What is the hundreds digit of h?
0
Let k(j) = j**3 + 24*j**2 + 21*j + 62. What is the units digit of k(-21)?
4
Suppose 29*w - 16198 = 22*w. What is the tens digit of w?
1
Let m = 74 + -31. Let v = 90 - m. Let q = v - 20. What is the units digit of q?
7
What is the hundreds digit of 530/4*(-100)/(-125)?
1
What is the hundreds digit of (289 - -3)*1/2?
1
Suppose -209 + 4913 = 6*x. What is the units digit of x?
4
Let l(b) = 61*b + 72. What is the units digit of l(25)?
7
Let a(r) = -r**2 + 41*r - 124. What is the hundreds digit of a(20)?
2
Let u = 30 + -34. Let m(j) = 5 + 2*j**2 - 5*j + j - 3*j**2. What is the units digit of m(u)?
5
What is the tens digit of (311/2)/(78/36 + -2)?
3
Let o(x) = 2*x**2 - 9*x - 9. Let m be o(7). Suppose t + 0 = m. What is the units digit of t?
6
Suppose s + 5*v = 131, -s + 2*s - 86 = 4*v. What is the hundreds digit of s?
1
Suppose -2455 = -x - 1946. What is the hundreds digit of x?
5
Let l(f) = -f**2 - f + 17. Let a be l(-6). What is the units digit of ((-162)/(-8))/(a/(-52))?
1
Let k = 12 + 12. What is the units digit of 106*20/k*3?
5
Let a(o) = 2264*o**3 + 2*o**2 + 4*o - 5. What is the tens digit of a(1)?
6
Suppose v - 6*v - 5*r + 35 = 0, -5*v - 2*r = -20. Suppose -d - 11 = -b, -v*b - d = 2*b - 24. Let y(m) = 2*m + 4. What is the units digit of y(b)?
8
Let y = 38 - 43. Let j(h) = h**3 + 9*h**2 + 10*h. What is the tens digit of j(y)?
5
Let r(o) = -o**3 - 8*o**2 + 9*o + 1. Let s be r(-9). Let t(b) = 15*b + b**2 + 7*b - 17*b - s - 3. What is the tens digit of t(4)?
3
Let t(b) = 233*b**3 + 2*b**2 + 4*b - 26. What is the units digit of t(3)?
5
Suppose 3*d - 345 = v, 5*d - 670 + 115 = -5*v. Let n be (18 + d)*2/(-3). Let b = -52 - n. What is the units digit of b?
6
Let p(a) = -10 + 13 - 74*a - 29*a. What is the tens digit of p(-1)?
0
Let i = -383 + 604. Let l = 315 - i. What is the units digit of l?
4
Suppose 491 = 2*y - 295. What is the tens digit of y?
9
Suppose -14 - 2 = -4*q. Suppose -4*n + q*y = 4, 2*n - 4 + 12 = -y. Let l(w) = -w**2 - 9*w - 6. What is the tens digit of l(n)?
1
What is the units digit of 8/(-14) - (-13 + (-55674)/42)?
8
Let k(a) = a - 9. Let i be k(3). What is the tens digit of (-472)/i*102/68?
1
Let v be (2 + -4 + 2 + -1)*-446. What is the hundreds digit of (6 - 5)/(2/v)?
2
Let f(t) = 20 - 79 - 26*t + 0 + 6. What is the hundreds digit of f(-6)?
1
Let l be 5*(39/18 + -2)*6. Suppose -4*p + 2*w = -0*p - 288, -l*w = 10. What is the units digit of p?
1
Let c(g) = -9*g**2 + 4*g + 5. Let x be c(-2). Let u = 44 + x. What is the units digit of u?
5
Suppose 4*t - 1572 = -4*a, -4*a = -3*t - 372 - 1207. What is the units digit of a?
4
Let x(h) = -h**3 - 3*h**2 + 17*h + 8. What is the hundreds digit of x(-10)?
5
Let i(k) = 72*k + 21. What is the hundreds digit of i(10)?
7
Suppose 1268 = 4*z - v, -3*v = 5*z - 0*v - 1568. What is the tens digit of z?
1
Let g(n) = -n - 6. Let x be g(-6). Suppose x = -0*v + 3*v - 27. Let d(w) = w - 4. What is the units digit of d(v)?
5
Let r(v) = 2*v - 7. Let q be r(4). Suppose -48 + q = -m. What is the units digit of m?
7
What is the units digit of 0 + 168 + (-5)/(-25)*-5?
7
Suppose 0 = q - 5*j - 10, -q - 5*j = 3*q - 165. Let s = -31 + q. What is the tens digit of (0 + -5)*(s + -11)?
3
Let u(t) = -t**2 - 5*t - 4. Let h be u(-2). Suppose -2*w - 5 = -h*g + 1, -4*g + 3*w = -13. What is the units digit of 3 - (3 - g)*3?
6
Let y(o) = -2*o**2 + 18*o + 33. Let t be y(9). Suppose 3*s = 5*j + 21, -5*s + 2*j + 15 + 1 = 0. Let b = s + t. What is the units digit of b?
5
Let f = 4 - -7. Let t = -7 + f. Suppose 4*q - 67 = 5*w, -2*q - 3*w + t*w = -29. What is the tens digit of q?
1
Suppose 4*p + 5*r - 23 = 0, 5*r = 9 + 6. Suppose 0 = 3*l - p*l - 2. Suppose -2*t = 8, l*k - 2*t = -3*t + 2. What is the units digit of k?
3
Suppose -2*p = -4*s + 250, 110 = 2*s - p - 3*p. Let f = 24 - 70. Let c = f + s. What is the tens digit of c?
1
Let k(y) = -y**3 - 30*y**2 + 46*y - 9. What is the units digit of k(-33)?
0
Let s = 9 + -4. Suppose -4*n + 16 = 5*o, -3 - 17 = -s*n - o. Suppose -2*i + 0*i = -m + 16, 0 = n*m + 2*i - 104. What is the tens digit of m?
2
Suppose 0 = -0*h + 4*h - 16. Let c(x) = -x**3 + 7*x**2 - 7*x + 6. What is the tens digit of c(h)?
2
What is the units digit of (112/294*3)/((-4)/(-14))?
4
Let g be (-20)/3*(-405)/(-10). Let c = g - -528. What is the units digit of c?
8
Let z = 3789 - -100. What is the hundreds digit of z?
8
Let f(b) = 0 - b - b**3 - 4 - 3*b**2 + 5. Let z = 42 + -45. What is the units digit of f(z)?
4
Let s(g) = -20*g**2 + 17*g - 158. Let h(u) = -7*u**2 + 6*u - 53. Let i(f) = 17*h(f) - 6*s(f). What is the tens digit of i(0)?
4
Let y be ((-10)/(-3))/((-4)/(-6)). Suppose -17 = -4*f - 3*a, -a = 4*a + y. Suppose -4*p + 200 = p + f*g, -5*p = -4*g - 236. What is the tens digit of p?
4
Let q = -19 + 11. Let f be (-30)/q + 3/12. Suppose -140 = -f*d - 0*d. What is the units digit of d?
5
Suppose 0 = -32*n + 37*n - 3455. Suppose 5*j = 5*h - 860, -4*h + 12*j - 7*j = -n. What is the units digit of h?
9
Let b = 4 - 6. Let g be (-1 - b)*(15 + -12). What is the units digit of g/((6/19)/2)?
9
Suppose -2*q = 3*l - 4, -2*l + 3*q = -2 + 8. Suppose l = -p - 0*p + 20. Suppose 0 = 8*o - 6*o - p. What is the units di